{"id":228,"date":"2020-06-07T17:36:22","date_gmt":"2020-06-07T17:36:22","guid":{"rendered":"https:\/\/mnkuljetus.fi\/?page_id=228"},"modified":"2020-06-07T17:36:23","modified_gmt":"2020-06-07T17:36:23","slug":"tietosuojaseloste","status":"publish","type":"page","link":"https:\/\/mnkuljetus.fi\/?page_id=228","title":{"rendered":"Tietosuojaseloste"},"content":{"rendered":"\n<h2 class=\"wp-block-heading\">Yleist\u00e4 t\u00e4m\u00e4n sivuston k\u00e4yt\u00f6st\u00e4<\/h2>\n\n\n\n<p>K\u00e4ytt\u00e4m\u00e4ll\u00e4 t\u00e4t\u00e4 sivustoa, sitoudut t\u00e4ss\u00e4 mainittuihin ehtoihin. Ajantasaiset k\u00e4ytt\u00f6ehdot ovat n\u00e4ht\u00e4vill\u00e4 t\u00e4ll\u00e4 sivulla. Sivuston yll\u00e4pit\u00e4j\u00e4ll\u00e4 on oikeus muuttaa k\u00e4ytt\u00f6ehtoja ilman etuk\u00e4teismainintaa.<\/p>\n\n\n\n<h3 class=\"wp-block-heading\">Tekij\u00e4noikeudet, tavaramerkit ja muut immateriaalioikeudet<\/h3>\n\n\n\n<p>Sivuston visuaalinen ilme ja sivuilla julkaistava aineisto, kuten esimerkiksi kuvat, tekstit ja videot ovat tekij\u00e4noikeuden suojaamaa omaisuutta. Tekij\u00e4 pid\u00e4tt\u00e4\u00e4 kaikki oikeudet n\u00e4ill\u00e4 sivuilla julkaistavaan aineistoon. Aineiston kopiointi ja muokkaaminen on ehdottomasti kielletty ilman erillist\u00e4 kirjallista lupaa tekij\u00e4lt\u00e4.<\/p>\n\n\n\n<p>Linkitt\u00e4minen muilta sivuilta on sallittua ja suositeltavaa. Videoita voi my\u00f6s upottaa YouTuben tarjoamilla toiminnoilla. Upotusten yhteydess\u00e4 tulee aina olla maininta wpopas.fi sivustosta.<\/p>\n\n\n\n<h3 class=\"wp-block-heading\">Vastuu sivujen sis\u00e4ll\u00f6st\u00e4<\/h3>\n\n\n\n<p>T\u00e4m\u00e4n sivuston tekij\u00e4 ei ole vastuussa ohjeiden toimivuudesta tai mahdollisista ongelmista, joita k\u00e4ytt\u00e4j\u00e4n sivulle aiheutuu t\u00e4m\u00e4n sivuston ohjeiden k\u00e4yt\u00f6st\u00e4.&nbsp;WordPressist\u00e4 julkaistaan tasaisin aika v\u00e4lein uusia versioita, joten on mahdollista, ett\u00e4 jotkin ohjeet eiv\u00e4t en\u00e4\u00e4 p\u00e4de uusimmalle versiolle. T\u00e4ll\u00f6in on mahdollista, ett\u00e4 WordPress-sivusto hajoaa tai lakkaa toimimasta, vaikka kaikki olisi tehty annettujen ohjeiden mukaan.<\/p>\n\n\n\n<p>Tuotantosivuille teht\u00e4v\u00e4t muutokset tulisi aina ensin testata testisivustolla, joka vastaa tuotantosivustoa. Tuotantop\u00e4ivityst\u00e4 ennen tulisi my\u00f6s ottaa aina varmuuskopiot, jotka voi palauttaa mahdollisten virhetilanteiden sattuessa.&nbsp;P\u00e4ivitysoperaatiot voivat rikkoa sivuston toiminnallisuuden pahimmillaan niin, ettei edes yll\u00e4pitoon p\u00e4\u00e4se k\u00e4siksi. Ongelmat eiv\u00e4t aina my\u00f6sk\u00e4\u00e4n v\u00e4ltt\u00e4m\u00e4tt\u00e4 johdu WordPressist\u00e4 vaan palvelinalustan rajoituksista tai huonosti toteutetuista lis\u00e4osista. Kannattaa selvitt\u00e4\u00e4 palvelinalustaa valitessa, mit\u00e4 rajoituksia tarjoajan ymp\u00e4rist\u00f6ss\u00e4 on. Ongelmatilanteissa voi k\u00e4\u00e4nty\u00e4 my\u00f6s palvelintarjoajan puoleen, mutta heid\u00e4n tukensa saattaa olla rajattua tai maksullista.<\/p>\n\n\n\n<h3 class=\"wp-block-heading\">Kumppanuuslinkit<\/h3>\n\n\n\n<p>Sivustolla saattaa esiinty\u00e4 paikoittain kumppanuuslinkkej\u00e4. Sivuston yll\u00e4pit\u00e4j\u00e4 saattaa saada esimerkiksi v\u00e4lityspalkkion kumppanuuslinkin kautta tehdyst\u00e4 ostoksesta.<\/p>\n\n\n\n<p>Sivuston yll\u00e4pit\u00e4j\u00e4 ei ole vastuussa siit\u00e4, mit\u00e4 kumppanuuslinkkien kautta ostetaan. Huomaa, ett\u00e4 suosittelemme vain ja ainoastaan tuotteita ja palveluita, joita t\u00e4m\u00e4n sivuston yll\u00e4pit\u00e4j\u00e4t ovat kokeilleet ja havainneet hyv\u00e4ksi. &nbsp;On kuitenkin mahdollista, ett\u00e4 esimerkiksi jotkin premium-lis\u00e4osat eiv\u00e4t v\u00e4ltt\u00e4m\u00e4tt\u00e4 toimi kaikissa palvelinymp\u00e4rist\u00f6iss\u00e4.<\/p>\n","protected":false},"excerpt":{"rendered":"<p>Yleist\u00e4 t\u00e4m\u00e4n sivuston k\u00e4yt\u00f6st\u00e4 K\u00e4ytt\u00e4m\u00e4ll\u00e4 t\u00e4t\u00e4 sivustoa, sitoudut t\u00e4ss\u00e4 mainittuihin ehtoihin. Ajantasaiset k\u00e4ytt\u00f6ehdot ovat n\u00e4ht\u00e4vill\u00e4 [&hellip;]<\/p>\n","protected":false},"author":1,"featured_media":0,"parent":0,"menu_order":0,"comment_status":"closed","ping_status":"closed","template":"","meta":{"footnotes":""},"class_list":["post-228","page","type-page","status-publish","hentry"],"yoast_head":"<!-- This site is optimized with the Yoast SEO plugin v27.5 - https:\/\/yoast.com\/product\/yoast-seo-wordpress\/ -->\n<title>Tietosuojaseloste - MN Kuljetus OY<\/title>\n<meta name=\"robots\" content=\"index, follow, max-snippet:-1, max-image-preview:large, max-video-preview:-1\" \/>\n<link rel=\"canonical\" href=\"https:\/\/mnkuljetus.fi\/?page_id=228\" \/>\n<meta property=\"og:locale\" content=\"fi_FI\" \/>\n<meta property=\"og:type\" content=\"article\" \/>\n<meta property=\"og:title\" content=\"Tietosuojaseloste - MN Kuljetus OY\" \/>\n<meta property=\"og:description\" content=\"Yleist\u00e4 t\u00e4m\u00e4n sivuston k\u00e4yt\u00f6st\u00e4 K\u00e4ytt\u00e4m\u00e4ll\u00e4 t\u00e4t\u00e4 sivustoa, sitoudut t\u00e4ss\u00e4 mainittuihin ehtoihin. Ajantasaiset k\u00e4ytt\u00f6ehdot ovat n\u00e4ht\u00e4vill\u00e4 [&hellip;]\" \/>\n<meta property=\"og:url\" content=\"https:\/\/mnkuljetus.fi\/?page_id=228\" \/>\n<meta property=\"og:site_name\" content=\"MN Kuljetus OY\" \/>\n<meta property=\"article:modified_time\" content=\"2020-06-07T17:36:23+00:00\" \/>\n<meta name=\"twitter:card\" content=\"summary_large_image\" \/>\n<meta name=\"twitter:label1\" content=\"Arvioitu lukuaika\" \/>\n\t<meta name=\"twitter:data1\" content=\"2 minuuttia\" \/>\n<script type=\"application\/ld+json\" class=\"yoast-schema-graph\">{\"@context\":\"https:\\\/\\\/schema.org\",\"@graph\":[{\"@type\":\"WebPage\",\"@id\":\"https:\\\/\\\/mnkuljetus.fi\\\/?page_id=228\",\"url\":\"https:\\\/\\\/mnkuljetus.fi\\\/?page_id=228\",\"name\":\"Tietosuojaseloste - MN Kuljetus OY\",\"isPartOf\":{\"@id\":\"https:\\\/\\\/mnkuljetus.fi\\\/#website\"},\"datePublished\":\"2020-06-07T17:36:22+00:00\",\"dateModified\":\"2020-06-07T17:36:23+00:00\",\"breadcrumb\":{\"@id\":\"https:\\\/\\\/mnkuljetus.fi\\\/?page_id=228#breadcrumb\"},\"inLanguage\":\"fi\",\"potentialAction\":[{\"@type\":\"ReadAction\",\"target\":[\"https:\\\/\\\/mnkuljetus.fi\\\/?page_id=228\"]}]},{\"@type\":\"BreadcrumbList\",\"@id\":\"https:\\\/\\\/mnkuljetus.fi\\\/?page_id=228#breadcrumb\",\"itemListElement\":[{\"@type\":\"ListItem\",\"position\":1,\"name\":\"Home\",\"item\":\"https:\\\/\\\/mnkuljetus.fi\\\/\"},{\"@type\":\"ListItem\",\"position\":2,\"name\":\"Tietosuojaseloste\"}]},{\"@type\":\"WebSite\",\"@id\":\"https:\\\/\\\/mnkuljetus.fi\\\/#website\",\"url\":\"https:\\\/\\\/mnkuljetus.fi\\\/\",\"name\":\"MN Kuljetus OY\",\"description\":\"\",\"publisher\":{\"@id\":\"https:\\\/\\\/mnkuljetus.fi\\\/#organization\"},\"potentialAction\":[{\"@type\":\"SearchAction\",\"target\":{\"@type\":\"EntryPoint\",\"urlTemplate\":\"https:\\\/\\\/mnkuljetus.fi\\\/?s={search_term_string}\"},\"query-input\":{\"@type\":\"PropertyValueSpecification\",\"valueRequired\":true,\"valueName\":\"search_term_string\"}}],\"inLanguage\":\"fi\"},{\"@type\":\"Organization\",\"@id\":\"https:\\\/\\\/mnkuljetus.fi\\\/#organization\",\"name\":\"MN Kuljetus OY\",\"url\":\"https:\\\/\\\/mnkuljetus.fi\\\/\",\"logo\":{\"@type\":\"ImageObject\",\"inLanguage\":\"fi\",\"@id\":\"https:\\\/\\\/mnkuljetus.fi\\\/#\\\/schema\\\/logo\\\/image\\\/\",\"url\":\"https:\\\/\\\/mnkuljetus.fi\\\/wp-content\\\/uploads\\\/2025\\\/03\\\/cropped-mnkuljetus-logo-blue2020-1.png\",\"contentUrl\":\"https:\\\/\\\/mnkuljetus.fi\\\/wp-content\\\/uploads\\\/2025\\\/03\\\/cropped-mnkuljetus-logo-blue2020-1.png\",\"width\":200,\"height\":90,\"caption\":\"MN Kuljetus OY\"},\"image\":{\"@id\":\"https:\\\/\\\/mnkuljetus.fi\\\/#\\\/schema\\\/logo\\\/image\\\/\"}}]}<\/script>\n<!-- \/ Yoast SEO plugin. -->","yoast_head_json":{"title":"Tietosuojaseloste - MN Kuljetus OY","robots":{"index":"index","follow":"follow","max-snippet":"max-snippet:-1","max-image-preview":"max-image-preview:large","max-video-preview":"max-video-preview:-1"},"canonical":"https:\/\/mnkuljetus.fi\/?page_id=228","og_locale":"fi_FI","og_type":"article","og_title":"Tietosuojaseloste - MN Kuljetus OY","og_description":"Yleist\u00e4 t\u00e4m\u00e4n sivuston k\u00e4yt\u00f6st\u00e4 K\u00e4ytt\u00e4m\u00e4ll\u00e4 t\u00e4t\u00e4 sivustoa, sitoudut t\u00e4ss\u00e4 mainittuihin ehtoihin. Ajantasaiset k\u00e4ytt\u00f6ehdot ovat n\u00e4ht\u00e4vill\u00e4 [&hellip;]","og_url":"https:\/\/mnkuljetus.fi\/?page_id=228","og_site_name":"MN Kuljetus OY","article_modified_time":"2020-06-07T17:36:23+00:00","twitter_card":"summary_large_image","twitter_misc":{"Arvioitu lukuaika":"2 minuuttia"},"schema":{"@context":"https:\/\/schema.org","@graph":[{"@type":"WebPage","@id":"https:\/\/mnkuljetus.fi\/?page_id=228","url":"https:\/\/mnkuljetus.fi\/?page_id=228","name":"Tietosuojaseloste - MN Kuljetus OY","isPartOf":{"@id":"https:\/\/mnkuljetus.fi\/#website"},"datePublished":"2020-06-07T17:36:22+00:00","dateModified":"2020-06-07T17:36:23+00:00","breadcrumb":{"@id":"https:\/\/mnkuljetus.fi\/?page_id=228#breadcrumb"},"inLanguage":"fi","potentialAction":[{"@type":"ReadAction","target":["https:\/\/mnkuljetus.fi\/?page_id=228"]}]},{"@type":"BreadcrumbList","@id":"https:\/\/mnkuljetus.fi\/?page_id=228#breadcrumb","itemListElement":[{"@type":"ListItem","position":1,"name":"Home","item":"https:\/\/mnkuljetus.fi\/"},{"@type":"ListItem","position":2,"name":"Tietosuojaseloste"}]},{"@type":"WebSite","@id":"https:\/\/mnkuljetus.fi\/#website","url":"https:\/\/mnkuljetus.fi\/","name":"MN Kuljetus OY","description":"","publisher":{"@id":"https:\/\/mnkuljetus.fi\/#organization"},"potentialAction":[{"@type":"SearchAction","target":{"@type":"EntryPoint","urlTemplate":"https:\/\/mnkuljetus.fi\/?s={search_term_string}"},"query-input":{"@type":"PropertyValueSpecification","valueRequired":true,"valueName":"search_term_string"}}],"inLanguage":"fi"},{"@type":"Organization","@id":"https:\/\/mnkuljetus.fi\/#organization","name":"MN Kuljetus OY","url":"https:\/\/mnkuljetus.fi\/","logo":{"@type":"ImageObject","inLanguage":"fi","@id":"https:\/\/mnkuljetus.fi\/#\/schema\/logo\/image\/","url":"https:\/\/mnkuljetus.fi\/wp-content\/uploads\/2025\/03\/cropped-mnkuljetus-logo-blue2020-1.png","contentUrl":"https:\/\/mnkuljetus.fi\/wp-content\/uploads\/2025\/03\/cropped-mnkuljetus-logo-blue2020-1.png","width":200,"height":90,"caption":"MN Kuljetus OY"},"image":{"@id":"https:\/\/mnkuljetus.fi\/#\/schema\/logo\/image\/"}}]}},"_links":{"self":[{"href":"https:\/\/mnkuljetus.fi\/index.php?rest_route=\/wp\/v2\/pages\/228","targetHints":{"allow":["GET"]}}],"collection":[{"href":"https:\/\/mnkuljetus.fi\/index.php?rest_route=\/wp\/v2\/pages"}],"about":[{"href":"https:\/\/mnkuljetus.fi\/index.php?rest_route=\/wp\/v2\/types\/page"}],"author":[{"embeddable":true,"href":"https:\/\/mnkuljetus.fi\/index.php?rest_route=\/wp\/v2\/users\/1"}],"replies":[{"embeddable":true,"href":"https:\/\/mnkuljetus.fi\/index.php?rest_route=%2Fwp%2Fv2%2Fcomments&post=228"}],"version-history":[{"count":1,"href":"https:\/\/mnkuljetus.fi\/index.php?rest_route=\/wp\/v2\/pages\/228\/revisions"}],"predecessor-version":[{"id":229,"href":"https:\/\/mnkuljetus.fi\/index.php?rest_route=\/wp\/v2\/pages\/228\/revisions\/229"}],"wp:attachment":[{"href":"https:\/\/mnkuljetus.fi\/index.php?rest_route=%2Fwp%2Fv2%2Fmedia&parent=228"}],"curies":[{"name":"wp","href":"https:\/\/api.w.org\/{rel}","templated":true}]}}